d 73?
73
Let q = 8 - 3. Suppose q*n = -9 + 24. Suppose 92 = n*i - 100. What is the greatest common factor of 8 and i?
8
Let k = -51 + 119. What is the greatest common divisor of 748 and k?
68
Let u(g) = 2*g**2 + g - 9. Suppose 2*d - r + 5*r = -2, 4*d - 2*r - 16 = 0. Let j be u(d). Calculate the highest common factor of j and 48.
12
Let i be 1/5 + 120/25. Suppose -10 - i = -3*d. Suppose d*w = 62 - 22. Calculate the greatest common divisor of 16 and w.
8
Let r(t) = -82*t - 9. Let o be r(-2). What is the highest common factor of 62 and o?
31
Let t = 73 + -68. Suppose -29 = 5*j + 2*z - 102, -t*j + 2*z = -57. Calculate the greatest common divisor of j and 221.
13
Let x(a) = 2*a**2 - 2*a - 1. Let i be x(-2). Suppose -i = 2*j - j. Let w = j + 21. Calculate the highest common divisor of 50 and w.
10
Suppose 5*i = 5*t - 187 + 17, 3*t - 106 = 4*i. What is the highest common divisor of 165 and t?
15
Suppose -6*x + 20 = -2*x. Let f be (6 - 1)*6/x. Suppose 81 = 3*k - 2*n, -2*k = -2*n + f*n - 54. What is the highest common factor of k and 81?
27
Let b = 26 + -38. Let z be 1/4 - (-3)/b. Suppose 0 = i, z = 3*s - 2*i - 25 + 7. Calculate the greatest common divisor of s and 3.
3
Let s be (-1 + -2)*40/(-6). Let u = 28 - s. What is the greatest common factor of u and 72?
8
Let u(m) = -m**2 + 17*m - 37. Let b be u(14). Calculate the greatest common divisor of 45 and b.
5
Let k be 30/(126/(-112)*2/(-3)). What is the highest common factor of 8 and k?
8
Let k be (-1035)/(-69) + -2 + 1. What is the greatest common divisor of 6 and k?
2
Let h be 2493/21 + (-2)/(-7). Let d be (-640)/(-14) - (-34)/h. Calculate the highest common factor of d and 322.
46
Let k = 516 - 508. Let d be 1 - 0 - (-1)/(-1). Suppose -3*z - 2*f + d*f = -52, -f + 76 = 4*z. Calculate the greatest common factor of k and z.
4
Let o(w) = w**3 + 12*w**2 + 10*w. Let l be o(-11). Let r be 24 + -1 + (-2)/2. Calculate the highest common divisor of r and l.
11
Let f = 23 + -7. Let n(r) = -2*r**3 - 5*r**2 - 2*r + 1. Let h be n(-3). What is the greatest common factor of f and h?
16
Let b = -53 - -87. What is the highest common divisor of 272 and b?
34
Suppose p = -0*p + 4. Suppose b - 2*x - 17 = 0, -38 = -3*b + p*x + 13. What is the highest common factor of b and 17?
17
Suppose -5*s - 77 - 213 = 4*p, -330 = 5*s - 4*p. Let o = 78 + s. What is the highest common factor of o and 208?
16
Let g be 3/(79/(-38) - -2). Let o be -2 - (0 - g)*-1. Let a be 1/(3/o)*12. Calculate the highest common divisor of a and 18.
18
Let t be 0 + 1 - (-1)/(-1). Suppose t = -0*s + 3*s + 15. Let o = 7 - s. What is the greatest common factor of 12 and o?
12
Let y be 96/10 - 1 - 57/95. Suppose 0 = m + 2*w - 168, w = m + 2*w - 165. Suppose 11*t = y*t + m. What is the highest common divisor of t and 18?
18
Let c(v) = -v**3 + 5*v**2 - v - 1. Let k be c(5). Let u be (-2 + k + 1)*2. Let r be (0 + 4)/(u/(-28)). Calculate the greatest common factor of r and 80.
8
Suppose -9*q - 1366 = -11*q + 4*a, q + 4*a - 713 = 0. What is the highest common factor of q and 77?
77
Let b(m) = 59*m + 24. Let p be b(7). Calculate the highest common divisor of 23 and p.
23
Suppose 2*x - 7*x + 2 = 2*d, 0 = -x + 5*d + 22. Let g be 28/35*15/x. Suppose 0*b - b + 37 = -5*r, -b = 3*r + 3. What is the greatest common factor of b and g?
6
Suppose 4*d + 0*d + 112 = 0. Let i be (180/(-70))/(3/d). Let r(v) = -v - 4. Let n be r(-7). What is the highest common divisor of i and n?
3
Let k(d) = d + 1. Let j(q) = -q**2 - 12*q - 13. Let i(a) = j(a) + k(a). Let c = -12 - -7. Let n be i(c). What is the highest common divisor of n and 12?
6
Let l be (-3)/(-2) + (-7)/14. Let s be (l + 9)*(-5)/(-10). Suppose 4*o + 4*b = 34 - 10, 4*b + 66 = s*o. What is the highest common divisor of o and 50?
10
Let i(m) = -13*m + 13. Let d be i(7). Let x = -63 - d. What is the highest common factor of 30 and x?
15
Let n = -21 + 56. What is the highest common divisor of n and 175?
35
Suppose 3*w + 5*b = -131, -5*w + b - 143 = -2*w. Let j = -5 - w. What is the greatest common factor of j and 6?
6
Suppose 9 = -3*t + 81. Let g = -24 + t. Suppose -3*r - h + 45 = 0, -2*r - 2*h = -g*r - 34. What is the highest common divisor of 28 and r?
14
Suppose 5*v - 2 = 3. Let w be (0 - (v + -2)) + 8. Suppose -1467*y - 189 = -1470*y. What is the highest common factor of w and y?
9
Suppose 0 = -2*k + 3*m + 33, -3*k + 140 = 2*k + 4*m. What is the highest common divisor of 3 and k?
3
Suppose 2*b - 50 - 216 = 0. Let a = -24 - -43. Calculate the greatest common factor of b and a.
19
Suppose -5*j - 7 + 59 = 4*p, -4*p - 8 = 0. Calculate the highest common factor of j and 96.
12
Let z(o) = -36*o + 73. Let h be z(2). Calculate the greatest common divisor of h and 38.
1
Suppose 210 = 5*y - 2*m, -2*y - 5*m = -104 + 20. Suppose 20 = 2*h - 2*s, 0 = 3*h - 4*s + 7*s - 6. Calculate the greatest common divisor of h and y.
6
Let b(i) = -4*i**2 - 6*i**2 + 2*i + 5*i**2 - 4 + 13*i**3 + 2*i**2. Let g be b(2). Let f = g + 62. What is the highest common factor of 14 and f?
14
Let y = 33 + -21. Let r = y + 4. What is the highest common factor of 160 and r?
16
Let w be 123*(-202)/(-14) + (-4)/(-14). Calculate the greatest common factor of w and 25.
25
Suppose -k = k - 20. Suppose 624 = 3*a + k*a. Calculate the greatest common divisor of 36 and a.
12
Let y be 2 - (3 + 0 + -4). Let x be 9/y - 6 - -51. Suppose -3*j - a = -31, -2*a + 14 = -2*j + 48. What is the greatest common factor of x and j?
12
Suppose 0*u = -u + 128. Let m(r) = -r**2 + r + 5. Let x be m(-8). Let c = -51 - x. What is the greatest common factor of u and c?
16
Let n = 16 + 11. Calculate the greatest common factor of 15 and n.
3
Let d(r) = 2*r**2 + 2*r - 15. Let a be d(-6). What is the greatest common divisor of 180 and a?
45
Suppose 22 = -3*c + 5*o, 15 = -c + 5*o - 9. Let p(v) = 3 - 4*v - 8*v**2 + 11 + v**3 - 6*v. Let n be p(9). What is the greatest common factor of n and c?
1
Let y be (-16)/(-6) + (-4)/6. Suppose -y*m - 2 = 3*k + 7, 5*k + 15 = 2*m. Suppose -p = -m*p - 84. What is the highest common factor of p and 28?
28
Let r = 5800 + -5789. Let u be 208 + (2 - (-2)/(-2)). What is the highest common factor of r and u?
11
Suppose -8*s + 6*s + 13 = -3*k, -3*k - 3 = 0. Let o = 6 - -1. Suppose 2*z - o*z = -75. Calculate the greatest common factor of s and z.
5
Suppose 57*z + 370 = 62*z. Suppose 5*d - z = -4*p + 2*p, -5*p = -5*d - 115. What is the highest common divisor of 9 and p?
9
Suppose -49*d = -51*d - 3*j + 270, 0 = 3*d - 4*j - 405. Calculate the highest common factor of d and 5.
5
Suppose 10*v + 4*b - 56 = 6*v, -3*b = 4*v - 51. Suppose 18 - 218 = -5*n - 5*q, 3*n = 4*q + 155. Calculate the greatest common divisor of v and n.
9
Suppose 1648 = 5*p - 3*q, 8*q - 1640 = -5*p + 3*q. What is the greatest common factor of 28 and p?
7
Let r = -27 + 31. Suppose -d = -r*d + 300. What is the highest common factor of d and 10?
10
Let y = 14 + -7. Let z be (0 - 2)/(-2) + -4. Let t = z + y. What is the highest common divisor of 6 and t?
2
Let n = -148 - -214. What is the highest common divisor of n and 6?
6
Let o = 13 + 148. Suppose -5*g = -2*r + 19, 148*r - 2*g = 152*r - 26. Calculate the highest common divisor of r and o.
7
Let w(l) = -240*l - 831. Let g be w(-27). What is the greatest common factor of 21 and g?
21
Let f(m) = 5*m - 3. Let x be f(9). Suppose -h = 2*r - 7*r + x, -5*h - 18 = -r. Calculate the highest common divisor of r and 72.
8
Let i = -28 - -44. Let u = -2047 + 2087. Calculate the greatest common divisor of u and i.
8
Let l(m) be the third derivative of -11*m**2 + 1/12*m**5 + 0*m - 5/12*m**4 + 0 - 2*m**3. Let g be l(-6). Calculate the highest common factor of 38 and g.
38
Let z = 5 + 14. Let p be (-160)/(-15)*21/(-2). Let f = -55 - p. Calculate the greatest common divisor of z and f.
19
Let y(o) be the third derivative of o**6/120 - o**4/24 + 2*o**3/3 - 7*o**2. Let w be y(2). What is the greatest common divisor of w and 10?
10
Suppose 0 = -5*c + 644 - 144. Let a be (4/6)/(c/24 - 4). Calculate the greatest common divisor of a and 12.
4
Let r(z) = -3*z**3 - z**2 - z + 2. Let j be r(-2). Let w(y) = 13*y - 21. Let b be w(5). Suppose -5*g + b = 4. Calculate the greatest common divisor of j and g.
8
Suppose -8*b + 5*b + 1189 = 4*i, 5*i - 4*b = 1525. What is the highest common d